[INFO] cloning repository https://github.com/iankit3/todo_app
[INFO] running `Command { std: "git" "-c" "credential.helper=" "-c" "credential.helper=/workspace/cargo-home/bin/git-credential-null" "clone" "--bare" "https://github.com/iankit3/todo_app" "/workspace/cache/git-repos/https%3A%2F%2Fgithub.com%2Fiankit3%2Ftodo_app", kill_on_drop: false }`
[INFO] [stderr] Cloning into bare repository '/workspace/cache/git-repos/https%3A%2F%2Fgithub.com%2Fiankit3%2Ftodo_app'...
[INFO] running `Command { std: "git" "rev-parse" "HEAD", kill_on_drop: false }`
[INFO] [stdout] f9d72ceaa7249c0077939ef9ae06e435e95328aa
[INFO] checking iankit3/todo_app against master#cfbc6d4cf1acbac5c025acf8ed68929caa551df3 for pr-75494-beta
[INFO] running `Command { std: "git" "clone" "/workspace/cache/git-repos/https%3A%2F%2Fgithub.com%2Fiankit3%2Ftodo_app" "/workspace/builds/worker-6/source", kill_on_drop: false }`
[INFO] [stderr] Cloning into '/workspace/builds/worker-6/source'...
[INFO] [stderr] done.
[INFO] validating manifest of git repo https://github.com/iankit3/todo_app on toolchain cfbc6d4cf1acbac5c025acf8ed68929caa551df3
[INFO] running `Command { std: "/workspace/cargo-home/bin/cargo" "+cfbc6d4cf1acbac5c025acf8ed68929caa551df3" "read-manifest" "--manifest-path" "Cargo.toml", kill_on_drop: false }`
[INFO] started tweaking git repo https://github.com/iankit3/todo_app
[INFO] finished tweaking git repo https://github.com/iankit3/todo_app
[INFO] tweaked toml for git repo https://github.com/iankit3/todo_app written to /workspace/builds/worker-6/source/Cargo.toml
[INFO] crate git repo https://github.com/iankit3/todo_app already has a lockfile, it will not be regenerated
[INFO] running `Command { std: "/workspace/cargo-home/bin/cargo" "+cfbc6d4cf1acbac5c025acf8ed68929caa551df3" "fetch" "--locked" "--manifest-path" "Cargo.toml", kill_on_drop: false }`
[INFO] running `Command { std: "docker" "create" "-v" "/var/lib/crater-agent-workspace/builds/worker-6/target:/opt/rustwide/target:rw,Z" "-v" "/var/lib/crater-agent-workspace/builds/worker-6/source:/opt/rustwide/workdir:ro,Z" "-v" "/var/lib/crater-agent-workspace/cargo-home:/opt/rustwide/cargo-home:ro,Z" "-v" "/var/lib/crater-agent-workspace/rustup-home:/opt/rustwide/rustup-home:ro,Z" "-e" "SOURCE_DIR=/opt/rustwide/workdir" "-e" "CARGO_TARGET_DIR=/opt/rustwide/target" "-e" "CARGO_HOME=/opt/rustwide/cargo-home" "-e" "RUSTUP_HOME=/opt/rustwide/rustup-home" "-w" "/opt/rustwide/workdir" "-m" "1610612736" "--user" "0:0" "--network" "none" "rustops/crates-build-env@sha256:a636fd89d022f18117e1dc8fb37a0a009933cdbbe082814857f0e2024962d47c" "/opt/rustwide/cargo-home/bin/cargo" "+cfbc6d4cf1acbac5c025acf8ed68929caa551df3" "metadata" "--no-deps" "--format-version=1", kill_on_drop: false }`
[INFO] [stdout] 828de8cf00d49127f96dfb972f3772b741c05c5fd23fb7bc8508648d0c7f97ed
[INFO] [stderr] WARNING: Your kernel does not support swap limit capabilities or the cgroup is not mounted. Memory limited without swap.
[INFO] running `Command { std: "docker" "start" "-a" "828de8cf00d49127f96dfb972f3772b741c05c5fd23fb7bc8508648d0c7f97ed", kill_on_drop: false }`
[INFO] running `Command { std: "docker" "inspect" "828de8cf00d49127f96dfb972f3772b741c05c5fd23fb7bc8508648d0c7f97ed", kill_on_drop: false }`
[INFO] running `Command { std: "docker" "rm" "-f" "828de8cf00d49127f96dfb972f3772b741c05c5fd23fb7bc8508648d0c7f97ed", kill_on_drop: false }`
[INFO] [stdout] 828de8cf00d49127f96dfb972f3772b741c05c5fd23fb7bc8508648d0c7f97ed
[INFO] running `Command { std: "docker" "create" "-v" "/var/lib/crater-agent-workspace/builds/worker-6/target:/opt/rustwide/target:rw,Z" "-v" "/var/lib/crater-agent-workspace/builds/worker-6/source:/opt/rustwide/workdir:ro,Z" "-v" "/var/lib/crater-agent-workspace/cargo-home:/opt/rustwide/cargo-home:ro,Z" "-v" "/var/lib/crater-agent-workspace/rustup-home:/opt/rustwide/rustup-home:ro,Z" "-e" "SOURCE_DIR=/opt/rustwide/workdir" "-e" "CARGO_TARGET_DIR=/opt/rustwide/target" "-e" "CARGO_INCREMENTAL=0" "-e" "RUST_BACKTRACE=full" "-e" "RUSTFLAGS=--cap-lints=forbid" "-e" "CARGO_HOME=/opt/rustwide/cargo-home" "-e" "RUSTUP_HOME=/opt/rustwide/rustup-home" "-w" "/opt/rustwide/workdir" "-m" "1610612736" "--user" "0:0" "--network" "none" "rustops/crates-build-env@sha256:a636fd89d022f18117e1dc8fb37a0a009933cdbbe082814857f0e2024962d47c" "/opt/rustwide/cargo-home/bin/cargo" "+cfbc6d4cf1acbac5c025acf8ed68929caa551df3" "check" "--frozen" "--all" "--all-targets" "--message-format=json", kill_on_drop: false }`
[INFO] [stderr] WARNING: Your kernel does not support swap limit capabilities or the cgroup is not mounted. Memory limited without swap.
[INFO] [stdout] 4a267e42ab1e29b39309cc1c78ddef62c68646c098530cba09d8daa082acb80e
[INFO] running `Command { std: "docker" "start" "-a" "4a267e42ab1e29b39309cc1c78ddef62c68646c098530cba09d8daa082acb80e", kill_on_drop: false }`
[INFO] [stderr]     Checking todo_app v0.1.2 (/opt/rustwide/workdir)
[INFO] [stdout] warning: unused import: `std::cmp::Ordering`
[INFO] [stdout]   --> src/main.rs:14:5
[INFO] [stdout]    |
[INFO] [stdout] 14 | use std::cmp::Ordering;
[INFO] [stdout]    |     ^^^^^^^^^^^^^^^^^^
[INFO] [stdout]    |
[INFO] [stdout]    = note: `#[warn(unused_imports)]` on by default
[INFO] [stdout] 
[INFO] [stdout] 
[INFO] [stdout] warning: unused import: `std::cmp::Ordering`
[INFO] [stdout]   --> src/main.rs:14:5
[INFO] [stdout]    |
[INFO] [stdout] 14 | use std::cmp::Ordering;
[INFO] [stdout]    |     ^^^^^^^^^^^^^^^^^^
[INFO] [stdout]    |
[INFO] [stdout]    = note: `#[warn(unused_imports)]` on by default
[INFO] [stdout] 
[INFO] [stdout] 
[INFO] [stdout] error[E0277]: the trait bound `Task<'_>: std::cmp::Ord` is not satisfied
[INFO] [stdout]   --> src/main.rs:68:15
[INFO] [stdout]    |
[INFO] [stdout] 68 |     task_list.sort();
[INFO] [stdout]    |               ^^^^ the trait `std::cmp::Ord` is not implemented for `Task<'_>`
[INFO] [stdout] 
[INFO] [stdout] 
[INFO] [stdout] error[E0277]: a value of type `std::vec::Vec<Task<'_>>` cannot be built from an iterator over elements of type `&Task<'_>`
[INFO] [stdout]   --> src/main.rs:75:18
[INFO] [stdout]    |
[INFO] [stdout] 75 |                 .collect();
[INFO] [stdout]    |                  ^^^^^^^ value of type `std::vec::Vec<Task<'_>>` cannot be built from `std::iter::Iterator<Item=&Task<'_>>`
[INFO] [stdout]    |
[INFO] [stdout]    = help: the trait `std::iter::FromIterator<&Task<'_>>` is not implemented for `std::vec::Vec<Task<'_>>`
[INFO] [stdout] 
[INFO] [stdout] 
[INFO] [stdout] error[E0277]: a value of type `&mut std::vec::Vec<Task<'_>>` cannot be built from an iterator over elements of type `()`
[INFO] [stdout]   --> src/main.rs:83:68
[INFO] [stdout]    |
[INFO] [stdout] 83 |     tasks_list = tasks_list.iter().map(|task| task.is_done = true).collect();
[INFO] [stdout]    |                                                                    ^^^^^^^ value of type `&mut std::vec::Vec<Task<'_>>` cannot be built from `std::iter::Iterator<Item=()>`
[INFO] [stdout]    |
[INFO] [stdout]    = help: the trait `std::iter::FromIterator<()>` is not implemented for `&mut std::vec::Vec<Task<'_>>`
[INFO] [stdout] 
[INFO] [stdout] 
[INFO] [stderr] error: could not compile `todo_app`.
[INFO] [stdout] error: aborting due to 3 previous errors; 1 warning emitted
[INFO] [stdout] 
[INFO] [stdout] 
[INFO] [stderr] 
[INFO] [stdout] For more information about this error, try `rustc --explain E0277`.
[INFO] [stdout] 
[INFO] [stderr] To learn more, run the command again with --verbose.
[INFO] [stderr] warning: build failed, waiting for other jobs to finish...
[INFO] [stdout] error[E0277]: the trait bound `Task<'_>: std::cmp::Ord` is not satisfied
[INFO] [stdout]   --> src/main.rs:68:15
[INFO] [stdout]    |
[INFO] [stdout] 68 |     task_list.sort();
[INFO] [stdout]    |               ^^^^ the trait `std::cmp::Ord` is not implemented for `Task<'_>`
[INFO] [stdout] 
[INFO] [stdout] 
[INFO] [stdout] error[E0277]: a value of type `std::vec::Vec<Task<'_>>` cannot be built from an iterator over elements of type `&Task<'_>`
[INFO] [stdout]   --> src/main.rs:75:18
[INFO] [stdout]    |
[INFO] [stdout] 75 |                 .collect();
[INFO] [stdout]    |                  ^^^^^^^ value of type `std::vec::Vec<Task<'_>>` cannot be built from `std::iter::Iterator<Item=&Task<'_>>`
[INFO] [stdout]    |
[INFO] [stdout]    = help: the trait `std::iter::FromIterator<&Task<'_>>` is not implemented for `std::vec::Vec<Task<'_>>`
[INFO] [stdout] 
[INFO] [stdout] 
[INFO] [stdout] error[E0277]: a value of type `&mut std::vec::Vec<Task<'_>>` cannot be built from an iterator over elements of type `()`
[INFO] [stdout]   --> src/main.rs:83:68
[INFO] [stdout]    |
[INFO] [stdout] 83 |     tasks_list = tasks_list.iter().map(|task| task.is_done = true).collect();
[INFO] [stdout]    |                                                                    ^^^^^^^ value of type `&mut std::vec::Vec<Task<'_>>` cannot be built from `std::iter::Iterator<Item=()>`
[INFO] [stdout]    |
[INFO] [stdout]    = help: the trait `std::iter::FromIterator<()>` is not implemented for `&mut std::vec::Vec<Task<'_>>`
[INFO] [stdout] 
[INFO] [stdout] 
[INFO] [stdout] error: aborting due to 3 previous errors; 1 warning emitted
[INFO] [stdout] 
[INFO] [stdout] 
[INFO] [stdout] For more information about this error, try `rustc --explain E0277`.
[INFO] [stdout] 
[INFO] [stderr] error: build failed
[INFO] running `Command { std: "docker" "inspect" "4a267e42ab1e29b39309cc1c78ddef62c68646c098530cba09d8daa082acb80e", kill_on_drop: false }`
[INFO] running `Command { std: "docker" "rm" "-f" "4a267e42ab1e29b39309cc1c78ddef62c68646c098530cba09d8daa082acb80e", kill_on_drop: false }`
[INFO] [stdout] 4a267e42ab1e29b39309cc1c78ddef62c68646c098530cba09d8daa082acb80e
